{"id":17,"date":"2014-07-17T20:17:16","date_gmt":"2014-07-18T03:17:16","guid":{"rendered":"http:\/\/localhost:8888\/wordpress\/?page_id=17"},"modified":"2021-11-12T22:45:15","modified_gmt":"2021-11-13T05:45:15","slug":"regimes-de-retraite","status":"publish","type":"page","link":"https:\/\/www.iam140.ca\/?page_id=17&lang=fr","title":{"rendered":"R\u00e9gimes de retraite"},"content":{"rendered":"<p><span style=\"text-decoration: underline;\"><strong><span lang=\"fr\">Bienvenue au District 140 Pension page <\/span><\/strong><\/span><\/p>\n<p><a href=\"https:\/\/acaeronet.aircanada.ca\/\">Air Portal Canada &#8211; o\u00f9 vous pouvez v\u00e9rifier votre pension de AC<\/a><\/p>\n<p><a href=\"http:\/\/www.esdc.gc.ca\/en\/cpp\/eligibility.page\">R\u00e9gime de pensions du Canada (RPC)<\/a><\/p>\n<p><a href=\"http:\/\/www.esdc.gc.ca\/en\/cpp\/oas\/eligibility.page\">Pension de vieillesse S\u00e9curit\u00e9 (OEA)<\/a><\/p>\n<p><a href=\"http:\/\/district140.iamaw.ca\/wp-content\/uploads\/2014\/07\/06-17-12-Picher-Air-Canada-Arb-Appendix-1-Pension-MOA.pdf\">Pension protocole d&#8217;entente<\/a><\/p>\n<h3>Fonds de pension IAM travail &#8211; Management ( Canada)<\/h3>\n<h3>Fonds de pension IAM patronal-syndical ( Qu\u00e9bec )<\/h3>\n<p>( Strictement r\u00e9serv\u00e9 aux participants actuels du Plan)<\/p>\n<h3>Comit\u00e9 de retraite d&#8217;Air Canada Rapports<\/h3>\n<p><a href=\"http:\/\/district140.iamaw.ca\/wp-content\/uploads\/2014\/07\/Bulletin-047-AIR-CANADA-Pension-MOU-ARBITRATION-DECISION-IN-FAVOUR-OF-IAM-AW-Francais.pdf\">AIR CANADA PROTOCOLE D\u2019ENTENTE SUR LA RETRAITE \u2013 D\u00c9CISION ARBITRALE EN FAVEUR DE L\u2019AIMTA ( 30 Juin 2011 )<\/a><\/p>\n<p><a href=\"http:\/\/district140.iamaw.ca\/wp-content\/uploads\/2014\/07\/INFORMATION-UPDATE-PENSION-June-15-2012-Fran\u00e7ais.pdf\">REGIME DE RETRAITE D&#8217;AVEOS &#8211; MISE A JOUR NO.2 ( 15 Juin 2012 )<\/a><\/p>\n<p><a href=\"http:\/\/district140.iamaw.ca\/wp-content\/uploads\/2014\/07\/INFORMATION-UPDATE-PENSION-June-22-2012-Fran\u00e7ais.pdf\">REGIME DE RETRAITE D&#8217;AVEOS &#8211; MISE A JOUR NO.3 ( 22 Juin 2012 )<\/a><\/p>\n<p><a href=\"http:\/\/district140.iamaw.ca\/wp-content\/uploads\/2014\/07\/Bulletin-068-AIR-CANADA-Pension-Plan-Fran\u00e7ais.pdf\">LE REGIME DE RETRAITE D&#8217;AIR CANADA ( 26 Juin 2012 )<\/a><\/p>\n<p><a href=\"http:\/\/district140.iamaw.ca\/wp-content\/uploads\/2014\/07\/INFORMATION-UPDATE-PENSION-July-25-2012-Fran\u00e7ais.pdf\">REGIME DE RETRAITE D&#8217;AVEOS &#8211; MISE A JOUR NO.4 ( 25\u00a0Juillet\u00a02012 )<\/a><\/p>\n<p><a href=\"http:\/\/district140.iamaw.ca\/wp-content\/uploads\/2014\/07\/INFORMATION-UPDATE-PENSION-August-31-2012-Fran\u00e7ais.pdf\">REGIME DE RETRAITE D&#8217;AVEOS &#8211; MISE A JOUR NO 5 ( 31 A<span lang=\"fr\">o\u00fbt 2012 )<\/span><\/a><\/p>\n<p><a href=\"http:\/\/district140.iamaw.ca\/wp-content\/uploads\/2014\/07\/Bulletin-100-AIR-CANADA-Pension-Road-Shows-Bilingual.pdf\">AIR CANADA SEANCES D&#8217;INFORMATION SUR LE REGIME DE RETRAITE ( 18 Octobre 2012 )<\/a><\/p>\n<p><a href=\"http:\/\/district140.iamaw.ca\/wp-content\/uploads\/2014\/07\/Bulletin-115-AIR-CANADA-Montr\u00e9al-New-Date-Pension-Road-Show-Bilingual.pdf\">AIR CANADA SEANCES D&#8217;INFORMATION A MONTREAL\u00a0 SUR LE REGIME DE RETRAITE ( 23 Novembre 2012 )<\/a><\/p>\n<p><a href=\"http:\/\/district140.iamaw.ca\/wp-content\/uploads\/2014\/07\/Bulletin-035-AIR-CANADA-Pension-Benefits-Fran\u00e7ais.pdf\">PRESTATION DE RETRAITE ( 14 MARS 2013 )<\/a><\/p>\n<p><a href=\"http:\/\/district140.iamaw.ca\/wp-content\/uploads\/2014\/07\/JOINT-STATEMENT-RE-AIR-CANADA-PENSION-RELIEF-Fran\u00e7ais.pdf\">Les TCA, le SCFP et l\u2019AIMTA font une de claration conjointe sur l\u2019annonce au sujet de l\u2019alle gement de la capitalisation du de ficit de solvabilite des re gimes de retraite d\u2019Air Canada<\/a><\/p>\n<p><a href=\"http:\/\/district140.iamaw.ca\/wp-content\/uploads\/2014\/07\/Bulletin-085-ALL-EX-AVEOS-EMPLOYEES-Aveos-Pension-Plan-Wind-up-and-Payout-Fran\u00e7ais.pdf\">LIQUIDATION ET REMBOURSEMENT DU R\u00c9GIME DE RETRAIRE ( 25 Septembre 2013 )<\/a><\/p>\n<p><a href=\"http:\/\/district140.iamaw.ca\/wp-content\/uploads\/2014\/07\/Bulletin-084-ALL-RETIREES-OF-THE-AIR-CANADA-IAMAW-DEFINED-BENEFIT-PENSION-PLAN-AC-IAMAW-PENSION-COMMITTEE-RETIREE-REPRESENTATIVE-Fran\u00e7ai.pdf\">REPR\u00c9SENTANTS DES RETRAIT\u00c9S AU COMIT\u00c9 DE RETRAITE AIR CANADA\/AIMTA ( 24 Septembre 2013 )<\/a><\/p>\n<p><a href=\"http:\/\/district140.iamaw.ca\/wp-content\/uploads\/2014\/07\/Bulletin-096-AIR-CANADA-Multi-Employer-Pension-Plan-Fran\u00e7ais.pdf\">AIR CANADA R\u00e9gime de retraite multi-employeurs ( 26 NOVENBRE 2013 )<\/a><\/p>\n<p><a href=\"http:\/\/district140.iamaw.ca\/wp-content\/uploads\/2014\/07\/Bulletin-004-AIR-CANADA-IAMAW-PENSION-COMMITTEE-Retiree-Representative-Fran\u00e7ais.pdf\">REPR\u00c9SENTANT DES RETRAIT\u00c9S AU COMIT\u00c9 DE RETRAITE AIR CANADA\/AIMTA ( 21 Janvier 2014)<\/a><\/p>\n<p><a href=\"http:\/\/district140.iamaw.ca\/wp-content\/uploads\/2014\/07\/Bulletin-006-AIR-CANADA-Defined-Benefit-Pension-Plans-in-Surplus-Fran\u00e7ais.pdf\">LES R\u00c9GIMES DE RETRAITE \u00c0 PRESTATIONS D\u00c9TERMIN\u00c9ES D\u2019AIR CANADA ENREGISTRENT UN EXC\u00c9DENT ( 28\u00a0Janvier 2014 )<\/a><\/p>\n<p><a href=\"http:\/\/district140.iamaw.ca\/wp-content\/uploads\/2014\/07\/Bulletin-038-AIR-CANADA-Defined-Benefit-Pension-Plan-Fran\u00e7ais.pdf\">LE R\u00c9GIME DE RETRAITE \u00c0 PRESTATIONS D\u00c9TERMIN\u00c9ES AIR CANADA \/ AIMTA : LES RESTRICTIONS DU BSIF SUR LE TRANSFERT DE LA VALEUR ACTUALIS\u00c9E ( 10 Novembre 2014 )<\/a><\/p>\n<p><a href=\"http:\/\/district140.iamaw.ca\/wp-content\/uploads\/2014\/07\/Bulletin-018-AIR-CANADA-Air-Canada-Pionairs-TDB-Pension-Plans-Fran\u00e7ais.pdf\">Air Canada Pionairs Communiqu\u00e9 en date du 7 mars 2015 ( 19 Mars 2015 )<\/a><\/p>\n<p><a href=\"http:\/\/district140.iamaw.ca\/wp-content\/uploads\/2014\/07\/Bulletin-026-AIR-CANADA-Special-Pension-Funding-Regulations-Opt-Out-Fran\u00e7ais.pdf\">RETRAIT DU R\u00c8GLEMENT DE FINANCEMENT SP\u00c9CIAL 9 ( 27 Mai 2015 )<\/a><\/p>\n<p><a href=\"http:\/\/district140.iamaw.ca\/wp-content\/uploads\/2014\/07\/Bulletin-030-AIR-CANADA-Special-Pension-Funding-Regulations-Opt-Out-June-10-15-Fran\u00e7ais.pdf\">RETRAIT DU R\u00c8GLEMENT DE FINANCEMENT SP\u00c9CIAL ( 10 June 2015 )<\/a><\/p>\n<p><a href=\"http:\/\/district140.iamaw.ca\/wp-content\/uploads\/2014\/07\/Bulletin-047-AIR-CANADA-Pension-Committee-Retiree-Report-August-13-20-15-Fran\u00e7ais.pdf\">COMIT\u00c9 DE RETRAITE AIMTA \/ AIR CANADA RAPPORT DU REPR\u00c9SENTANT DES RETRAIT\u00c9S ( 13 A<span lang=\"fr\">o\u00fbt 2015 )<\/span><\/a><\/p>\n<p><a href=\"http:\/\/district140.iamaw.ca\/wp-content\/uploads\/2014\/07\/Bulletin-065-IAM-MULTI-EMPLOYER-PENSION-PLAN-MEPP-Francais.pdf\">PLAN DE PENSION MULTI-EMPLOYEURS DE L\u2019AIM (PPME) ( 9 NOVEMBRE 2015 )<\/a><\/p>\n<p><a href=\"http:\/\/district140.iamaw.ca\/?p=14533&amp;lang=fr\">Conseil des syndicats \u2013 Communiqu\u00e9 no 1 \u2013 Convention de fiducie sur les actions d\u2019Air Canada de 2009 \u2013 contexte et mise \u00e0 jour (28 Avril, 2021)<\/a><\/p>\n<p><a href=\"http:\/\/district140.iamaw.ca\/?p=14538&amp;lang=fr\">Conseil des syndicats \u2013 Communiqu\u00e9 no 2 -Mise \u00e0 jour no 2 sur l\u2019entente de fiducie de 2009 relative aux actions d\u2019Air Canada (28 Avril, 2021)<\/a><\/p>\n<p><a href=\"http:\/\/district140.iamaw.ca\/?p=14542&amp;lang=fr\">Conseil des syndicats \u2013 Communiqu\u00e9 no 3 \u2013 Mise \u00e0 jour sur la fiducie d\u2019actionnariat de 2009 (28 Avril, 2021)<\/a><\/p>\n<h3>IAM Rapports 764 Comit\u00e9 des pensions<\/h3>\n<p><a href=\"http:\/\/iam764.ca\/upload\/LL764_march_2007_pension_report.pdf\">Mars 2007 Rapport &#8211; Planificateur de retraite , Comment se connecter sur<\/a><\/p>\n<p>&nbsp;<\/p>\n","protected":false},"excerpt":{"rendered":"<p>Bienvenue au District 140 Pension page Air Portal Canada &#8211; o\u00f9 vous pouvez v\u00e9rifier votre pension de AC R\u00e9gime de pensions du Canada (RPC) Pension de vieillesse S\u00e9curit\u00e9 (OEA) Pension protocole d&#8217;entente Fonds de pension IAM travail &#8211; Management ( Canada) Fonds de pension IAM patronal-syndical ( Qu\u00e9bec ) ( Strictement r\u00e9serv\u00e9 aux participants actuels [&hellip;]<\/p>\n","protected":false},"author":7,"featured_media":0,"parent":0,"menu_order":0,"comment_status":"closed","ping_status":"closed","template":"","meta":{"footnotes":""},"class_list":["post-17","page","type-page","status-publish","hentry","post"],"_links":{"self":[{"href":"https:\/\/www.iam140.ca\/index.php?rest_route=\/wp\/v2\/pages\/17","targetHints":{"allow":["GET"]}}],"collection":[{"href":"https:\/\/www.iam140.ca\/index.php?rest_route=\/wp\/v2\/pages"}],"about":[{"href":"https:\/\/www.iam140.ca\/index.php?rest_route=\/wp\/v2\/types\/page"}],"author":[{"embeddable":true,"href":"https:\/\/www.iam140.ca\/index.php?rest_route=\/wp\/v2\/users\/7"}],"replies":[{"embeddable":true,"href":"https:\/\/www.iam140.ca\/index.php?rest_route=%2Fwp%2Fv2%2Fcomments&post=17"}],"version-history":[{"count":41,"href":"https:\/\/www.iam140.ca\/index.php?rest_route=\/wp\/v2\/pages\/17\/revisions"}],"predecessor-version":[{"id":15817,"href":"https:\/\/www.iam140.ca\/index.php?rest_route=\/wp\/v2\/pages\/17\/revisions\/15817"}],"wp:attachment":[{"href":"https:\/\/www.iam140.ca\/index.php?rest_route=%2Fwp%2Fv2%2Fmedia&parent=17"}],"curies":[{"name":"wp","href":"https:\/\/api.w.org\/{rel}","templated":true}]}}